{"id":1361,"date":"2025-01-03T17:17:11","date_gmt":"2025-01-03T17:17:11","guid":{"rendered":"https:\/\/rgmti.com.br\/?page_id=1361"},"modified":"2025-01-03T18:44:10","modified_gmt":"2025-01-03T18:44:10","slug":"consultoria","status":"publish","type":"page","link":"https:\/\/rgmti.com.br\/?page_id=1361","title":{"rendered":"Consultoria"},"content":{"rendered":"<p>Orienta\u00e7\u00e3o estrat\u00e9gica para empresas que buscam otimizar sua infraestrutura e opera\u00e7\u00f5es de TI, com base nas necessidades espec\u00edficas do neg\u00f3cio.<\/p>\n<h5><strong><u>Servi\u00e7os:<\/u><\/strong><\/h5>\n<ul>\n<li>\n<h6><strong>B\u00e1sico (Essencial)<\/strong><\/h6>\n<ul>\n<li style=\"list-style-type: none;\">\n<ul>\n<li>Avalia\u00e7\u00e3o das necessidades de TI da empresa e recomenda\u00e7\u00e3o de solu\u00e7\u00f5es (escolha de equipamentos e software).<\/li>\n<\/ul>\n<\/li>\n<\/ul>\n<\/li>\n<\/ul>\n<ul>\n<li>\n<h6><strong>Intermedi\u00e1rio<\/strong><\/h6>\n<ul>\n<li style=\"list-style-type: none;\">\n<ul>\n<li>Planejamento e implementa\u00e7\u00e3o de upgrades tecnol\u00f3gicos (especifica\u00e7\u00e3o de servidores, roteadores, etc.).<\/li>\n<li>Consultoria para pequenos projetos de infraestrutura (ex.: migra\u00e7\u00e3o de servidores ou implanta\u00e7\u00e3o de redes).<\/li>\n<\/ul>\n<\/li>\n<\/ul>\n<\/li>\n<li>\n<h6><strong>Avan\u00e7ado<\/strong><\/h6>\n<ul>\n<li style=\"list-style-type: none;\">\n<ul>\n<li>Acompanhamento de projetos de TI e recomenda\u00e7\u00f5es para redu\u00e7\u00e3o de custos.<\/li>\n<li>Aux\u00edlio na escolha de tecnologias, fornecedores e contratos.<\/li>\n<li>Consultoria em conformidade regulat\u00f3ria e prote\u00e7\u00e3o de dados.<\/li>\n<li>Consultoria estrat\u00e9gica em TI (planejamento, transforma\u00e7\u00e3o digital, escolha de solu\u00e7\u00f5es e inova\u00e7\u00f5es tecnol\u00f3gicas).<\/li>\n<li>Planejamento de projetos em infraestrutura de TI (expans\u00f5es, atualiza\u00e7\u00f5es e melhorias).<\/li>\n<li>Or\u00e7amento e aquisi\u00e7\u00e3o de equipamentos de TI (hardware e software).<\/li>\n<li>Consultoria em seguran\u00e7a cibern\u00e9tica.<\/li>\n<\/ul>\n<\/li>\n<\/ul>\n<\/li>\n<\/ul>\n<ul>\n<li style=\"list-style-type: none;\"><\/li>\n<\/ul>\n<h5><strong><u>Resultados Esperados:<\/u><\/strong><\/h5>\n<p>Infraestrutura mais eficiente, redu\u00e7\u00e3o de custos e melhor alinhamento da TI com os objetivos estrat\u00e9gicos da Empresa.<\/p>\n<p><a href=\"https:\/\/rgmti.com.br\/?page_id=489\">Voltar para Nossos Servi\u00e7os<\/a><\/p>\n","protected":false},"excerpt":{"rendered":"<p>Orienta\u00e7\u00e3o estrat\u00e9gica para empresas que buscam otimizar sua infraestrutura e opera\u00e7\u00f5es de TI, com base nas necessidades espec\u00edficas do neg\u00f3cio. Servi\u00e7os: B\u00e1sico (Essencial) Avalia\u00e7\u00e3o das necessidades de TI da empresa e recomenda\u00e7\u00e3o de solu\u00e7\u00f5es (escolha de equipamentos e software). Intermedi\u00e1rio Planejamento e implementa\u00e7\u00e3o de upgrades tecnol\u00f3gicos (especifica\u00e7\u00e3o de servidores, roteadores, etc.). Consultoria para pequenos projetos de infraestrutura (ex.: migra\u00e7\u00e3o de servidores ou implanta\u00e7\u00e3o de redes). Avan\u00e7ado Acompanhamento de projetos de TI e recomenda\u00e7\u00f5es para redu\u00e7\u00e3o de custos. Aux\u00edlio na escolha de tecnologias, fornecedores e contratos. Consultoria em conformidade regulat\u00f3ria e prote\u00e7\u00e3o de dados. Consultoria estrat\u00e9gica em TI (planejamento, transforma\u00e7\u00e3o digital, escolha de solu\u00e7\u00f5es e inova\u00e7\u00f5es tecnol\u00f3gicas). Planejamento de projetos em&hellip; <a class=\"read-more\" href=\"https:\/\/rgmti.com.br\/?page_id=1361\">Leia Mais<\/a><\/p>\n","protected":false},"author":1,"featured_media":0,"parent":0,"menu_order":0,"comment_status":"closed","ping_status":"closed","template":"","meta":{"_joinchat":[],"footnotes":""},"class_list":["post-1361","page","type-page","status-publish","hentry"],"_links":{"self":[{"href":"https:\/\/rgmti.com.br\/index.php?rest_route=\/wp\/v2\/pages\/1361","targetHints":{"allow":["GET"]}}],"collection":[{"href":"https:\/\/rgmti.com.br\/index.php?rest_route=\/wp\/v2\/pages"}],"about":[{"href":"https:\/\/rgmti.com.br\/index.php?rest_route=\/wp\/v2\/types\/page"}],"author":[{"embeddable":true,"href":"https:\/\/rgmti.com.br\/index.php?rest_route=\/wp\/v2\/users\/1"}],"replies":[{"embeddable":true,"href":"https:\/\/rgmti.com.br\/index.php?rest_route=%2Fwp%2Fv2%2Fcomments&post=1361"}],"version-history":[{"count":2,"href":"https:\/\/rgmti.com.br\/index.php?rest_route=\/wp\/v2\/pages\/1361\/revisions"}],"predecessor-version":[{"id":1389,"href":"https:\/\/rgmti.com.br\/index.php?rest_route=\/wp\/v2\/pages\/1361\/revisions\/1389"}],"wp:attachment":[{"href":"https:\/\/rgmti.com.br\/index.php?rest_route=%2Fwp%2Fv2%2Fmedia&parent=1361"}],"curies":[{"name":"wp","href":"https:\/\/api.w.org\/{rel}","templated":true}]}}