{"id":1450,"date":"2025-01-30T14:39:57","date_gmt":"2025-01-30T17:39:57","guid":{"rendered":"https:\/\/rgmti.com.br\/?page_id=1450"},"modified":"2026-01-24T16:52:35","modified_gmt":"2026-01-24T19:52:35","slug":"tecnologia-com-economia","status":"publish","type":"page","link":"https:\/\/rgmti.com.br\/?page_id=1450","title":{"rendered":"T.I. Acess\u00edvel"},"content":{"rendered":"<p><strong>Economize 50% nos servi\u00e7os de TI e tenha suporte cont\u00ednuo!<\/strong><\/p>\n<p>Por um custo fixo acess\u00edvel, voc\u00ea garante <strong>50% de desconto<\/strong> nos servi\u00e7os de TI e ainda conta com suporte cont\u00ednuo, assim como nossos clientes com contrato.<\/p>\n<p>Aproveite at\u00e9 <strong>2 horas de suporte t\u00e9cnico remoto<\/strong> e <strong>uma visita t\u00e9cnica por m\u00eas<\/strong> (Limitada a 1 hora. O deslocamento \u00e9 cobrado separadamente para locais fora de Mogi das Cruzes).<\/p>\n<h5><strong>Como Funciona?<\/strong><\/h5>\n<p>Por apenas R$162,10 por m\u00eas, voc\u00ea ter\u00e1 50% de desconto na m\u00e3o de obra de todos os servi\u00e7os de TI (insumos\/pe\u00e7as n\u00e3o est\u00e3o inclu\u00eddos no desconto), e os mesmos benef\u00edcios de um cliente de contrato.<\/p>\n<h6>Exemplos:<\/h6>\n<ul>\n<li><strong>Suporte B\u00e1sico (Essencial)<\/strong>\n<ul>\n<li>Precisa configurar um novo computador na rede, valor normal R$160,00, com o Plano Econ\u00f4mico o valor vai ser R$80,00.<\/li>\n<\/ul>\n<\/li>\n<li><strong>Suporte Intermedi\u00e1rio<\/strong>\n<ul>\n<li>A Rede foi desconfigurada e a impressora da Rede n\u00e3o est\u00e1 funcionando, valor normal R$210,00, com o Plano Econ\u00f4mico o valor vai ser R$105,00.<\/li>\n<\/ul>\n<\/li>\n<li><strong>Suporte Avan\u00e7ado<\/strong>\n<ul>\n<li>Configurar VPN para funcion\u00e1rios trabalharem em \u201chome office\u201d, valor normal R$280,00, com o Plano Econ\u00f4mico o valor vai ser R$140,00.<\/li>\n<\/ul>\n<\/li>\n<\/ul>\n<p><a href=\"https:\/\/rgmti.com.br\/?post_type=product\" target=\"_blank\" rel=\"noopener\"><strong>Os valores dos servi\u00e7os est\u00e3o sempre atualizados em nosso catalogo. Clique aqui para visualizar!<\/strong><\/a><\/p>\n<p>Este Plano econ\u00f4mico tem atendimento exclusivo local e remoto de segunda a sexta, das 8:00 \u00e0s 12:00 e das 13:00 \u00e0s 17:00.<\/p>\n<h5><strong>Benef\u00edcios exclusivos<\/strong><\/h5>\n<ul>\n<li><strong>Economia garantida<\/strong>\n<ul>\n<li>O cliente sempre pagar\u00e1 menos nos servi\u00e7os, reduzindo seus custos com TI.<\/li>\n<\/ul>\n<\/li>\n<li><strong>Suporte cont\u00ednuo<\/strong>\n<ul>\n<li>Resolu\u00e7\u00e3o r\u00e1pida de problemas sem sustos.<\/li>\n<\/ul>\n<\/li>\n<li><strong>Prioridade no atendimento<\/strong>\n<ul>\n<li>Quem assina recebe suporte mais r\u00e1pido <strong>(Respeitando o n\u00edvel de SLA de atendimento na prioridade)<\/strong>.<\/li>\n<\/ul>\n<\/li>\n<\/ul>\n<p>&nbsp;<\/p>\n<h6>SLA de Atendimento (Acordo de N\u00edvel de Servi\u00e7o)<\/h6>\n<table style=\"width: auto; border-collapse: collapse; background-color: white; border: none;\">\n<thead>\n<tr>\n<th style=\"padding: 8px; background-color: white; border: none;\"><img loading=\"lazy\" decoding=\"async\" class=\"alignnone wp-image-1507 size-medium\" src=\"https:\/\/rgmti.com.br\/wp-content\/uploads\/2025\/06\/sla-300x271.png\" alt=\"\" width=\"300\" height=\"271\" srcset=\"https:\/\/rgmti.com.br\/wp-content\/uploads\/2025\/06\/sla-300x271.png 300w, https:\/\/rgmti.com.br\/wp-content\/uploads\/2025\/06\/sla-768x694.png 768w, https:\/\/rgmti.com.br\/wp-content\/uploads\/2025\/06\/sla.png 797w\" sizes=\"auto, (max-width: 300px) 100vw, 300px\" \/><\/th>\n<th style=\"padding: 8px; background-color: white; border: none; text-align: justify; font-weight: normal;\">\n<ul style=\"padding-left: 20px; margin: 0;\">\n<li style=\"text-align: justify; font-weight: normal;\">SLA N\u00edvel 1: At\u00e9 duas horas para atendimento (Problemas com Servidor, problemas com Internet e ambiente de rede).<\/li>\n<li style=\"text-align: justify; font-weight: normal;\">SLA N\u00edvel 2: De quatro a oito horas para atendimento (Esta\u00e7\u00e3o de trabalho, impressora ou monitor que est\u00e3o totalmente inoperantes).<\/li>\n<li style=\"text-align: justify; font-weight: normal;\">SLA N\u00edvel 3: De oito a dezesseis horas para atendimento (Equipamentos que est\u00e3o apresentando problema, mais que n\u00e3o est\u00e1 causando um grande impacto no funcionamento da empresa).<\/li>\n<\/ul>\n<\/th>\n<\/tr>\n<\/thead>\n<\/table>\n<h6>Perguntas Frequentes (FAQ)<\/h6>\n<ul>\n<li>Posso cancelar a qualquer momento?<br \/>\nSim. Este plano pode ser cancelado a qualquer momento com aviso pr\u00e9vio de 1 m\u00eas.<\/li>\n<li>Existe fidelidade?<br \/>\nN\u00e3o. N\u00e3o existe fidelidade com nenhum plano de servi\u00e7o da RGMTI.<\/li>\n<li>Quantos atendimentos posso solicitar por m\u00eas?<br \/>\nVoc\u00ea pode solicitar quantos atendimentos precisar para ter o desconto de 50% em qualquer servi\u00e7o, lembrando dos benef\u00edcios exclusivos.<\/li>\n<li>O desconto de 50% \u00e9 para todos os servi\u00e7os, sem exce\u00e7\u00e3o?<br \/>\nO desconto \u00e9 apenas para m\u00e3o de obra de todos os servi\u00e7os prestados apenas pela RGMTI.<\/li>\n<\/ul>\n<p>&nbsp;<\/p>\n<h1 style=\"text-align: center;\"><a href=\"https:\/\/api.whatsapp.com\/send?phone=5511984910380\" target=\"_blank\" rel=\"noopener\"><strong>CLIQUE AQUI E CONTRATE ESTE PLANO AGORA!<\/strong><\/a><\/h1>\n<p>&nbsp;<\/p>\n<h4 style=\"text-align: center;\"><strong>Clientes <\/strong><strong>que terceirizaram sua TI conosco<\/strong><\/h4>\n<p style=\"text-align: center;\"><img loading=\"lazy\" decoding=\"async\" class=\"alignnone size-full wp-image-1585\" src=\"https:\/\/rgmti.com.br\/wp-content\/uploads\/2025\/07\/clientes_cofer.png\" alt=\"\" width=\"200\" height=\"100\" \/>\u00a0<img loading=\"lazy\" decoding=\"async\" class=\"alignnone size-full wp-image-1586\" src=\"https:\/\/rgmti.com.br\/wp-content\/uploads\/2025\/07\/clientes_nariclin.png\" alt=\"\" width=\"200\" height=\"100\" \/>\u00a0<img loading=\"lazy\" decoding=\"async\" class=\"alignnone size-full wp-image-1587\" src=\"https:\/\/rgmti.com.br\/wp-content\/uploads\/2025\/07\/clientes_ah.png\" alt=\"\" width=\"200\" height=\"100\" \/>\u00a0<img loading=\"lazy\" decoding=\"async\" class=\"alignnone size-full wp-image-1588\" src=\"https:\/\/rgmti.com.br\/wp-content\/uploads\/2025\/07\/clientes_ea.png\" alt=\"\" width=\"200\" height=\"100\" \/>\u00a0<img loading=\"lazy\" decoding=\"async\" class=\"alignnone size-full wp-image-1589\" src=\"https:\/\/rgmti.com.br\/wp-content\/uploads\/2025\/07\/clientes_primar.png\" alt=\"\" width=\"200\" height=\"100\" \/><img loading=\"lazy\" decoding=\"async\" class=\"alignnone size-full wp-image-1590\" src=\"https:\/\/rgmti.com.br\/wp-content\/uploads\/2025\/07\/clientes_epg.png\" alt=\"\" width=\"200\" height=\"100\" \/><\/p>\n","protected":false},"excerpt":{"rendered":"<p>Economize 50% nos servi\u00e7os de TI e tenha suporte cont\u00ednuo! Por um custo fixo acess\u00edvel, voc\u00ea garante 50% de desconto nos servi\u00e7os de TI e ainda conta com suporte cont\u00ednuo, assim como nossos clientes com contrato. Aproveite at\u00e9 2 horas de suporte t\u00e9cnico remoto e uma visita t\u00e9cnica por m\u00eas (Limitada a 1 hora. O deslocamento \u00e9 cobrado separadamente para locais fora de Mogi das Cruzes). Como Funciona? Por apenas R$162,10 por m\u00eas, voc\u00ea ter\u00e1 50% de desconto na m\u00e3o de obra de todos os servi\u00e7os de TI (insumos\/pe\u00e7as n\u00e3o est\u00e3o inclu\u00eddos no desconto), e os mesmos benef\u00edcios de um cliente de contrato. Exemplos: Suporte B\u00e1sico (Essencial) Precisa configurar um&hellip; <a class=\"read-more\" href=\"https:\/\/rgmti.com.br\/?page_id=1450\">Leia Mais<\/a><\/p>\n","protected":false},"author":1,"featured_media":1507,"parent":0,"menu_order":0,"comment_status":"closed","ping_status":"closed","template":"","meta":{"_joinchat":[],"footnotes":""},"class_list":["post-1450","page","type-page","status-publish","has-post-thumbnail","hentry"],"_links":{"self":[{"href":"https:\/\/rgmti.com.br\/index.php?rest_route=\/wp\/v2\/pages\/1450","targetHints":{"allow":["GET"]}}],"collection":[{"href":"https:\/\/rgmti.com.br\/index.php?rest_route=\/wp\/v2\/pages"}],"about":[{"href":"https:\/\/rgmti.com.br\/index.php?rest_route=\/wp\/v2\/types\/page"}],"author":[{"embeddable":true,"href":"https:\/\/rgmti.com.br\/index.php?rest_route=\/wp\/v2\/users\/1"}],"replies":[{"embeddable":true,"href":"https:\/\/rgmti.com.br\/index.php?rest_route=%2Fwp%2Fv2%2Fcomments&post=1450"}],"version-history":[{"count":34,"href":"https:\/\/rgmti.com.br\/index.php?rest_route=\/wp\/v2\/pages\/1450\/revisions"}],"predecessor-version":[{"id":1753,"href":"https:\/\/rgmti.com.br\/index.php?rest_route=\/wp\/v2\/pages\/1450\/revisions\/1753"}],"wp:featuredmedia":[{"embeddable":true,"href":"https:\/\/rgmti.com.br\/index.php?rest_route=\/wp\/v2\/media\/1507"}],"wp:attachment":[{"href":"https:\/\/rgmti.com.br\/index.php?rest_route=%2Fwp%2Fv2%2Fmedia&parent=1450"}],"curies":[{"name":"wp","href":"https:\/\/api.w.org\/{rel}","templated":true}]}}