{"id":190,"date":"2015-08-10T16:19:55","date_gmt":"2015-08-10T16:19:55","guid":{"rendered":"http:\/\/rgmti.com.br\/site\/?page_id=190"},"modified":"2025-01-08T11:27:49","modified_gmt":"2025-01-08T14:27:49","slug":"hospedagem-de-sites","status":"publish","type":"page","link":"https:\/\/rgmti.com.br\/?page_id=190","title":{"rendered":"Contrata\u00e7\u00e3o de Hospedagem"},"content":{"rendered":"\r\n\r\n\r\n<h6 class=\"has-text-align-left\"><strong>Plano RGM GO<\/strong> (1 Site, 3 contas de e-mails (10 GB cada), 1 usu\u00e1rio FTP.)<\/h6>\r\n\r\n\r\n\r\n<figure class=\"wp-block-table is-style-stripes\">\r\n<table>\r\n<tbody>\r\n<tr>\r\n<td>RGM GO TRIMESTRAL<\/td>\r\n<td class=\"has-text-align-left\" data-align=\"left\">de R$ 74,70 por <strong>R$ 38,70<\/strong> no primeiro ano.<strong><br \/><\/strong><\/td>\r\n<td>Equivalente a <strong>R$ 12,90\/m\u00eas<\/strong>.<\/td>\r\n<\/tr>\r\n<tr>\r\n<td>RGM GO ANUAL<\/td>\r\n<td class=\"has-text-align-left\" data-align=\"left\">de R$ 298,80 por <strong>R$ 118,80<\/strong> no primeiro ano.<\/td>\r\n<td>Equivalente a <strong>R$ 9,90\/m\u00eas<\/strong>.<\/td>\r\n<\/tr>\r\n<\/tbody>\r\n<\/table>\r\n<\/figure>\r\n\r\n\r\n\r\n<p>&nbsp;<\/p>\r\n<h6><strong>Plano RGM I<\/strong> (Sites ilimitados, 15 contas de e-mails (10 GB cada), 1 usu\u00e1rio FTP).<\/h6>\r\n\r\n\r\n\r\n<figure class=\"wp-block-table is-style-stripes\">\r\n<table>\r\n<tbody>\r\n<tr>\r\n<td>RGM I TRIMESTRAL<\/td>\r\n<td>de R$ 107,70 por <strong>R$ 59,70<\/strong> no primeiro ano.<\/td>\r\n<td>Equivalente a <strong>R$ 19,90\/m\u00eas<\/strong>.<\/td>\r\n<\/tr>\r\n<tr>\r\n<td>RGM I ANUAL<\/td>\r\n<td>de R$ 430,80 por <strong>R$ 190,80<\/strong> no primeiro ano.<\/td>\r\n<td>Equivalente a <strong>R$ 15,90\/m\u00eas<\/strong>.<\/td>\r\n<\/tr>\r\n<\/tbody>\r\n<\/table>\r\n<\/figure>\r\n\r\n\r\n\r\n<p>&nbsp;<\/p>\r\n<h6 class=\"has-text-align-left\"><strong>Plano RGM II <\/strong>(Sites ilimitados, 35 contas de e-mails (10 GB cada), 5 usu\u00e1rios FTP.)<\/h6>\r\n\r\n\r\n\r\n<figure class=\"wp-block-table is-style-stripes\">\r\n<table>\r\n<tbody>\r\n<tr>\r\n<td>RGM II TRIMESTRAL<\/td>\r\n<td>de R$ 179,70 por <strong>R$ 80,70 <\/strong>no primeiro ano.<\/td>\r\n<td>Equivalente a <strong>R$ 26,90\/m\u00eas<\/strong>.<\/td>\r\n<\/tr>\r\n<tr>\r\n<td>RGM II ANUAL<\/td>\r\n<td>de R$ 718,80 por <strong>R$ 298,80<\/strong> no primeiro ano.<\/td>\r\n<td>Equivalente a <strong>R$ 24,90\/m\u00eas<\/strong>.<\/td>\r\n<\/tr>\r\n<\/tbody>\r\n<\/table>\r\n<\/figure>\r\n\r\n\r\n\r\n<div>\u00a0<\/div>\r\n<div class=\"modal-header text-align-left\">\u00a0<\/div>\r\n<div class=\"modal-body text-align-left\">\r\n<h6 class=\"modal-title\"><strong>Planos com at\u00e9 60% de desconto!<\/strong><\/h6>\r\n<div class=\"modal-body-content\">\r\n<p>Aproveite o desconto de at\u00e9 60% na contrata\u00e7\u00e3o no primeiro ano. Na renova\u00e7\u00e3o do plano, o <a href=\"https:\/\/rgmti.com.br\/?page_id=660\">valor integral<\/a> passar\u00e1 a ser cobrado.<\/p>\r\n<\/div>\r\n<\/div>\r\n","protected":false},"excerpt":{"rendered":"<p>Plano RGM GO (1 Site, 3 contas de e-mails (10 GB cada), 1 usu\u00e1rio FTP.) RGM GO TRIMESTRAL de R$ 74,70 por R$ 38,70 no primeiro ano. Equivalente a R$ 12,90\/m\u00eas. RGM GO ANUAL de R$ 298,80 por R$ 118,80 no primeiro ano. Equivalente a R$ 9,90\/m\u00eas. &nbsp; Plano RGM I (Sites ilimitados, 15 contas de e-mails (10 GB cada), 1 usu\u00e1rio FTP). RGM I TRIMESTRAL de R$ 107,70 por R$ 59,70 no primeiro ano. Equivalente a R$ 19,90\/m\u00eas. RGM I ANUAL de R$ 430,80 por R$ 190,80 no primeiro ano. Equivalente a R$ 15,90\/m\u00eas. &nbsp; Plano RGM II (Sites ilimitados, 35 contas de e-mails (10 GB cada), 5 usu\u00e1rios&hellip; <a class=\"read-more\" href=\"https:\/\/rgmti.com.br\/?page_id=190\">Leia Mais<\/a><\/p>\n","protected":false},"author":1,"featured_media":0,"parent":0,"menu_order":0,"comment_status":"closed","ping_status":"closed","template":"","meta":{"_joinchat":[],"footnotes":""},"class_list":["post-190","page","type-page","status-publish","hentry"],"_links":{"self":[{"href":"https:\/\/rgmti.com.br\/index.php?rest_route=\/wp\/v2\/pages\/190","targetHints":{"allow":["GET"]}}],"collection":[{"href":"https:\/\/rgmti.com.br\/index.php?rest_route=\/wp\/v2\/pages"}],"about":[{"href":"https:\/\/rgmti.com.br\/index.php?rest_route=\/wp\/v2\/types\/page"}],"author":[{"embeddable":true,"href":"https:\/\/rgmti.com.br\/index.php?rest_route=\/wp\/v2\/users\/1"}],"replies":[{"embeddable":true,"href":"https:\/\/rgmti.com.br\/index.php?rest_route=%2Fwp%2Fv2%2Fcomments&post=190"}],"version-history":[{"count":42,"href":"https:\/\/rgmti.com.br\/index.php?rest_route=\/wp\/v2\/pages\/190\/revisions"}],"predecessor-version":[{"id":1440,"href":"https:\/\/rgmti.com.br\/index.php?rest_route=\/wp\/v2\/pages\/190\/revisions\/1440"}],"wp:attachment":[{"href":"https:\/\/rgmti.com.br\/index.php?rest_route=%2Fwp%2Fv2%2Fmedia&parent=190"}],"curies":[{"name":"wp","href":"https:\/\/api.w.org\/{rel}","templated":true}]}}